t derivative of a**4/4 + 2*a**3/3 - a**2 - 4*a - 1. Give b(n).
0
Let o(t) = 19481 - t + 6*t - 19415. Determine o(-17).
-19
Suppose y = -t + 5, -5*t - 20 = 22*y - 26*y. Let q(m) be the second derivative of -1/3*m**4 - 1/20*m**5 + t*m**2 + 0 - 1/2*m**3 + 14*m. What is q(-3)?
0
Let r(x) be the second derivative of 2*x**3/3 - 13*x**2/2 - 4732*x. Calculate r(1).
-9
Let a(n) = 15964*n - 31914*n + 15962*n - 27 - 2*n**2 - 4*n**2. Determine a(3).
-45
Suppose 4*a + 0 = 4. Let n be -2 - (-8 + (3 + -2 - -3)). Let g(k) = -k**2 + 0*k**2 - 1 + 6*k**n + k + k**2. Give g(a).
6
Suppose 0 = -3*z + 5*u + 26, 4*z + 0*z + 5*u - 58 = 0. Suppose -z*a + 10 - 46 = 0. Let c(t) = -t - 7. What is c(a)?
-4
Let j(q) = -q**2 + 3*q + 1. Let h be j(3). Let u(f) be the first derivative of f**2/2 - 752. Determine u(h).
1
Let u(z) = -6*z - 5. Let y(q) = 17*q + 12. Let j(m) = 11*u(m) + 4*y(m). Suppose -3*s + 19 = 4. Calculate j(s).
3
Let u(n) be the first derivative of n**4/4 - 3*n**3 + 8*n**2 - 138*n - 1177. What is u(9)?
6
Suppose -x = 3 + 4. Let l(n) = 4 + 12 + 72253*n - 72251*n. What is l(x)?
2
Let c(o) = -10*o + 37. Let k(s) = 7*s - 24. Let h be (-544)/(-96) + (-2)/3. Let w(g) = h*c(g) + 7*k(g). Determine w(7).
10
Let f(a) = a**2 - 9*a - 9. Suppose -3*q = 5*h - 147, 2*h - 2*q - 63 = q. Let t be (80/35)/(h/105). Determine f(t).
-17
Let l(a) = -a**3 - 13*a**2 + 17*a + 16. Let p(q) = -20*q + 1006. Let y be p(51). Determine l(y).
-26
Let o(m) = 4*m**3 + 60*m**2 + 5*m - 4. Let i(w) = 3*w**3 + 48*w**2 + 5*w - 3. Let a(k) = -5*i(k) + 4*o(k). Give a(3).
11
Suppose 5*h + 10 - 30 = 0. Suppose 48 = 7*i - h*i. Suppose 2*w - i*w = 0. Let j(v) = v**2 - 16. Calculate j(w).
-16
Let s be -2*3 + (-15)/5. Let m be 12/18 + (-12)/s. Let d(c) = c**2 + 3*c + 0*c**m - 1 - 6 + 0*c**2. Calculate d(-5).
3
Suppose -4*d = 5*c + 20, -3*c + d = -4*d - 25. Suppose c = 9*f - 21*f + 84. Let z(q) = -2*q + 10. Calculate z(f).
-4
Let h(l) = -l**2 - 20*l + 104. Let r be h(4). Let c(g) = 4*g - 4*g - g**2 + 6*g. Give c(r).
-16
Suppose -344*h = -345*h - 6. Let w(x) = 3*x**2 - 5*x + 67 - 65 - 2*x**2 - 2*x**2. Calculate w(h).
-4
Let t be 1/(-1)*0 + 2. Let f(o) = o + o - t + 0*o. Let u be (1 - (-16)/(-12))/(290/(-4350)). Calculate f(u).
8
Let m(l) be the first derivative of -l**3/3 + 25*l**2/2 + 53*l + 2755. What is m(24)?
77
Let n(q) = q**3 - 7*q**2 + 3. Suppose -55 = -c - 4*p, 2*c + 2*c = -2*p + 206. Suppose -3*x + o - 137 = 0, 4*o + o = -x - c. Let u = x - -53. Determine n(u).
3
Let f(o) be the second derivative of 1/6*o**3 - 2 - 40*o + o**2. Determine f(-7).
-5
Suppose -95*m - 1422 = -253*m. Let k(b) = b**2 - 9*b + 7. Determine k(m).
7
Let d(q) = -q + 8. Suppose 4*r = 1310 - 494. Suppose 2*g - 192 + r = 0. Determine d(g).
14
Let z(d) = -408 - 8*d**2 + d + 8*d + 408 + 6*d**2. Suppose 4*t - 16 - 8 = 0. Determine z(t).
-18
Let p(l) = l + 19. Let c(d) = -2*d**2 - 11*d - 45. Let q(o) = -c(o) - 4*p(o). Give q(4).
29
Let p be 3 + 0 + 20/5. Let t(v) = -2*v**2 + 10. Let a(d) = -2*d**2 + d + 11. Let k(l) = p*t(l) - 6*a(l). Let u be (5/10)/(4 + (-164)/40). What is k(u)?
-16
Let a be 38/6 - (-12)/(-36). Suppose 4*b + x = 9, b - 3*x + 2*x - a = 0. Let q(u) = -u**2 + b + 66*u + 4 - 63*u. Determine q(6).
-11
Let u(h) = h**2 + 7*h + 15. Let k = -64 - -63. Let g be k - (-9 + 6)*-2. What is u(g)?
15
Let q(k) be the first derivative of 0*k + 1/3*k**4 + 0*k**2 - 16 + 1/24*k**5 - 1/360*k**6 - 10/3*k**3. Let f(i) be the third derivative of q(i). Calculate f(6).
2
Let p be (-1 + 6)*(-5 - -1)/(-4). Let w(i) = -23 + 56 - p*i + 4*i - 25. Give w(12).
-4
Let y(t) = t**3 - 10*t**2 + 22*t + 7. Let b be y(6). Suppose 6*f - 3*f - 6 = 0. Let n(u) = 4 - 2*u**3 + 22*u**f - 17*u**2 + 3 + 3*u**3. Calculate n(b).
7
Let t = -35207 - -35228. Let x(j) = 2*j**3 - 42*j**2 - j + 14. Give x(t).
-7
Suppose -3*d - 16 = -d. Let t(k) = 9*k - 32 + 2*k + 2*k**2 - 5*k**2 + 4*k**2 + 43. What is t(d)?
-13
Suppose 3*i - 2*i + h - 19 = 0, -3*h + 1 = -i. Suppose -8*k + i*k + 24 = 0. Let g(o) = -o**3 - 4*o**2 - 2*o. Calculate g(k).
8
Suppose -40*r + 109 = 229. Let a(n) = -8*n - 21. Give a(r).
3
Let z be (-390)/(-455) - (6 - 425/35). Let c(j) be the third derivative of j**6/120 - 2*j**5/15 + j**4/12 + 5*j**3/3 + j**2. Give c(z).
-25
Let b(s) be the first derivative of s**7/840 + s**6/30 - 13*s**5/120 + s**4/12 + 124*s**3/3 + 70. Let a(w) be the third derivative of b(w). Determine a(-13).
2
Let i(w) = -5*w**3 + 22*w**2 - 48*w - 127. Let u(l) = 6*l**3 - 22*l**2 + 47*l + 125. Let q(g) = 7*i(g) + 6*u(g). Determine q(-24).
5
Let z(g) = -g**2 + 4*g + 3. Let w(l) = -l**3 - 5*l**2 - 7*l - 7. Let p be w(-4). Let i(d) = -d**3 + 4*d**2 + 4*d + 9. Let r be i(p). Give z(r).
3
Let y(o) be the second derivative of 1/3*o**3 - 4*o + 0 - o**2. Suppose 11*s - 27 = 17. What is y(s)?
6
Let x be 2/9 - (-12)/(-54). Let y(z) = -7*z**2 - 3*z - 1. Let n(p) = 13*p**2 + 5*p + 32. Let c(m) = -n(m) - 2*y(m). Calculate c(x).
-30
Suppose -2*m + 60 = 2*f, 2*m + 15 + 30 = f. Let g = f - 31. Let o(n) = 11*n + 15 - 6 - g - 2. Determine o(-2).
-19
Let p be ((-3 - -1)*-3)/(15/(-110)). Let y be ((-8)/(-44))/((-4)/p). Let a(d) = -3*d + 5. Determine a(y).
-1
Let o(z) = -10*z**2 + z - 3. Let r = -31 - -24. Let m(f) = -3*f**2 - 1. Let k(w) = r*m(w) + 2*o(w). Let l be 3 + (-2)/(-2) + -8. Determine k(l).
9
Let m = -466 + 457. Let f(t) = -3*t**2 - 19*t - 4. Determine f(m).
-76
Let f(b) be the third derivative of b**6/120 + 7*b**5/15 - 59*b**4/24 - 7*b**3/6 + 2296*b**2. Give f(-30).
-37
Suppose 0 = 8*f + 1 - 9. Let z be (-8)/(-20) + (f - 286/(-10)). Suppose z = -5*r + 5*n, -18 = -r + 6*r + n. Let c(h) = -2*h - 6. Give c(r).
2
Let b(g) = 17*g**2 - 3*g + 69. Let j(q) = -12*q**2 + 2*q - 45. Let u(l) = 5*b(l) + 7*j(l). Calculate u(0).
30
Suppose -73 = -7*i + 130. Let k(r) = 1 - 11*r - 9*r - 8*r + i*r. Give k(10).
11
Let u be 1920/6080 - 82/19. Suppose 8 = -4*q - 2*n, -2*n = 3*q - 0*q + 8. Let i(x) = -5 - x + q*x + 1. Calculate i(u).
0
Let t = -2616 - -2617. Let u(d) = -6*d**3 + 2*d**2 + d - 2. Determine u(t).
-5
Let m(q) = 3*q - 12. Let x(j) = -13*j + 50. Let r(i) = 7*i**2 - 15*i + 4. Let v be r(2). Let l(b) = v*x(b) + 9*m(b). Determine l(7).
-1
Let b(j) = -j**2 + 8*j - 1. Suppose 0 = -0*r + 4*r - 60. Suppose l + 7*i = 2*i - 5, -3*i + r = 0. Let a = 37 + l. Calculate b(a).
6
Let t(p) = -11*p**2 - 6*p**2 - 6*p + 4*p**2 - 6 + 0 + 14*p**2. What is t(6)?
-6
Let b(h) = h**2 - 7976*h**3 + 0 + 7978*h**3 + 1 + 0 + 2*h. Let n(u) = -2*u**2 + 5*u + 2. Let l be n(3). What is b(l)?
-2
Let q(p) be the second derivative of -p**4/12 - 4*p**3/3 - 3*p**2 - p. Let o(j) = j**2 - 14*j - 59. Let l be o(17). Let m be q(l). Let a(y) = y + 11. Give a(m).
5
Let v(s) = s**2 + 3*s + 1. Let n = -113 - -250. Suppose 139*z + 8 = n*z. Determine v(z).
5
Let r be 24/(-10)*(-200)/(-80). Let z(l) = -2*l**2 + 3*l + 7 + 8*l - 4*l**2 - l**2. Let v(i) = -6*i**2 + 10*i + 6. Let a(t) = r*v(t) + 5*z(t). Give a(6).
5
Let r(f) = f**3 + 18*f**2 - f - 23. Let z(l) = l**2 + 6*l + 6. Let h be z(-11). Suppose 0 = -8*u - 83 - h. Determine r(u).
-5
Suppose 0*b = b + 3. Let s(c) = c**2 + 1. Let q(j) = j**3 + 8*j**2 - 2*j - 2. Let n(i) = b*s(i) + q(i). Let a be (8/(-3) - -3)*-15. Determine n(a).
5
Let g(j) be the first derivative of j**2/2 + 9*j + 1366. Give g(-36).
-27
Let n(j) = j**2 - 4*j - 120. Suppose 2*p + 351*d + 34 = 347*d, 3*p - d = -23. Calculate n(p).
-3
Let r(m) = -5*m**2 + 57*m - 35. Let b(n) = 9*n**2 - 104*n + 69. Let x(h) = -3*b(h) - 5*r(h). Give x(12).
4
Suppose 21*r - 14 = 49. Let c be 10 - 62/6 - (-43)/r. Let g(u) = u - 10. Calculate g(c).
4
Let y(n) be the first derivative of 2/3*n**3 - 5 + 0*n**2 + 1/24*n**4 - 1/30*n**5 + 0*n. Let z(p) be the third derivative of y(p). Calculate z(-4).
17
Suppose -445*h - 6755 - 3035 = 0. Let g(u) = u**2 + 25*u + 58. Determine g(h).
-8
Let k(v) = -3*v + v**3 + 216*v**2 - 2*v**3 - 119*v**2 - 101*v**2 - 5. Determine k(-2).
-7
Let s be 5265/1560*(-16)/(-6). Let v(h) = -8*h - 5. What is v(s)?
-77
Suppose 0 = 15*i + 29 - 149. Let y(n) = i - 2*n**2 + 1 - 25*n + 18*n + 3*n**2. Give y(8).
17
Let a(q) be the first derivative of -q**2 + 10*q - 489. Calculate a(5).
0
Suppose 0 = -354*k + 365*k + 121. Let w(s) = -4*s - 8. Determine w(k).
36
Let f(s) = 2*s**2 + s - 1. Let j = -93 + 135. Suppose 21*u = -0*u + j. Give f(u).
9
Let h(f